{"id":261,"date":"2026-08-26T13:52:16","date_gmt":"2026-08-26T11:52:16","guid":{"rendered":"https:\/\/zjazdptud2026.pl\/?page_id=261"},"modified":"2026-08-26T13:53:52","modified_gmt":"2026-08-26T11:53:52","slug":"kolacja","status":"publish","type":"page","link":"https:\/\/zjazdptud2026.pl\/en\/kolacja\/","title":{"rendered":"Kolacja"},"content":{"rendered":"<p class=\"wp-block-paragraph\">Do\u0142\u0105cz do nas i sp\u0119d\u017a niezapomniany wiecz\u00f3r g\u0142\u0119boko pod ziemi\u0105. W czwartek wieczorem kolacja konferencyjna odb\u0119dzie si\u0119 w zapieraj\u0105cej dech w piersiach, zabytkowej komorze, po\u0142o\u017conej 130 metr\u00f3w pod ziemi\u0105, w jednej z najstarszych i najwspanialszych kopalni soli w Europie.<\/p>\n\n\n\n<p class=\"wp-block-paragraph\"><br>*Czwartkowa kolacja nie jest wliczona w op\u0142at\u0119 konferencyjn\u0105. Udzia\u0142 w wydarzeniach towarzysz\u0105cych jest dodatkowo p\u0142atny po rejestracji.<br>**Program pozamerytoryczny (rozrywkowy) nie zostanie sfinansowany ze \u015brodk\u00f3w pochodz\u0105cych od firm cz\u0142onkowskich\u00a0<strong>Infarmy<\/strong>, Izby POLMED oraz Partner\u00f3w SOWE<\/p>\n\n\n\n<div style=\"height:50px\" aria-hidden=\"true\" class=\"wp-block-spacer\"><\/div>\n\n\n\n<div class=\"wp-block-columns is-layout-flex wp-container-core-columns-is-layout-8f761849 wp-block-columns-is-layout-flex\">\n<div class=\"wp-block-column is-layout-flow wp-block-column-is-layout-flow\">\n<figure class=\"wp-block-image size-large\"><img loading=\"lazy\" decoding=\"async\" width=\"1024\" height=\"682\" src=\"https:\/\/zjazdptud2026.pl\/wp-content\/uploads\/2026\/08\/1475px_kopalnia-soli-wieliczka-imprezy-co-organizujemy8-22-01-2020-1024x682.jpg\" alt=\"\" class=\"wp-image-262\" srcset=\"https:\/\/zjazdptud2026.pl\/wp-content\/uploads\/2026\/08\/1475px_kopalnia-soli-wieliczka-imprezy-co-organizujemy8-22-01-2020-1024x682.jpg 1024w, https:\/\/zjazdptud2026.pl\/wp-content\/uploads\/2026\/08\/1475px_kopalnia-soli-wieliczka-imprezy-co-organizujemy8-22-01-2020-300x200.jpg 300w, https:\/\/zjazdptud2026.pl\/wp-content\/uploads\/2026\/08\/1475px_kopalnia-soli-wieliczka-imprezy-co-organizujemy8-22-01-2020-768x512.jpg 768w, https:\/\/zjazdptud2026.pl\/wp-content\/uploads\/2026\/08\/1475px_kopalnia-soli-wieliczka-imprezy-co-organizujemy8-22-01-2020-18x12.jpg 18w, https:\/\/zjazdptud2026.pl\/wp-content\/uploads\/2026\/08\/1475px_kopalnia-soli-wieliczka-imprezy-co-organizujemy8-22-01-2020-600x400.jpg 600w, https:\/\/zjazdptud2026.pl\/wp-content\/uploads\/2026\/08\/1475px_kopalnia-soli-wieliczka-imprezy-co-organizujemy8-22-01-2020.jpg 1475w\" sizes=\"auto, (max-width: 1024px) 100vw, 1024px\" \/><\/figure>\n<\/div>\n\n\n\n<div class=\"wp-block-column is-layout-flow wp-block-column-is-layout-flow\">\n<p class=\"wp-block-paragraph\"><strong>Kopalnia Soli w Wieliczce<\/strong><\/p>\n<\/div>\n<\/div>","protected":false},"excerpt":{"rendered":"<p>Do\u0142\u0105cz do nas i sp\u0119d\u017a niezapomniany wiecz\u00f3r g\u0142\u0119boko pod ziemi\u0105. W czwartek wieczorem kolacja konferencyjna odb\u0119dzie si\u0119 w zapieraj\u0105cej dech w piersiach, zabytkowej komorze, po\u0142o\u017conej 130 metr\u00f3w pod ziemi\u0105, w jednej z najstarszych i najwspanialszych kopalni soli w Europie. *Czwartkowa kolacja nie jest wliczona w op\u0142at\u0119 konferencyjn\u0105. Udzia\u0142 w wydarzeniach towarzysz\u0105cych jest dodatkowo p\u0142atny po [&hellip;]<\/p>\n","protected":false},"author":1,"featured_media":0,"parent":0,"menu_order":0,"comment_status":"closed","ping_status":"closed","template":"","meta":{"_acf_changed":false,"footnotes":""},"class_list":["post-261","page","type-page","status-publish","hentry"],"acf":[],"_links":{"self":[{"href":"https:\/\/zjazdptud2026.pl\/en\/wp-json\/wp\/v2\/pages\/261","targetHints":{"allow":["GET"]}}],"collection":[{"href":"https:\/\/zjazdptud2026.pl\/en\/wp-json\/wp\/v2\/pages"}],"about":[{"href":"https:\/\/zjazdptud2026.pl\/en\/wp-json\/wp\/v2\/types\/page"}],"author":[{"embeddable":true,"href":"https:\/\/zjazdptud2026.pl\/en\/wp-json\/wp\/v2\/users\/1"}],"replies":[{"embeddable":true,"href":"https:\/\/zjazdptud2026.pl\/en\/wp-json\/wp\/v2\/comments?post=261"}],"version-history":[{"count":3,"href":"https:\/\/zjazdptud2026.pl\/en\/wp-json\/wp\/v2\/pages\/261\/revisions"}],"predecessor-version":[{"id":265,"href":"https:\/\/zjazdptud2026.pl\/en\/wp-json\/wp\/v2\/pages\/261\/revisions\/265"}],"wp:attachment":[{"href":"https:\/\/zjazdptud2026.pl\/en\/wp-json\/wp\/v2\/media?parent=261"}],"curies":[{"name":"wp","href":"https:\/\/api.w.org\/{rel}","templated":true}]}}

<p class="wp-block-paragraph">Dołącz do nas i spędź niezapomniany wieczór głęboko pod ziemią. W czwartek wieczorem kolacja konferencyjna odbędzie się w zapierającej dech w piersiach, zabytkowej komorze, położonej 130 metrów pod ziemią, w jednej z najstarszych i najwspanialszych kopalni soli w Europie.</p>



<p class="wp-block-paragraph"><br>*Czwartkowa kolacja nie jest wliczona w opłatę konferencyjną. Udział w wydarzeniach towarzyszących jest dodatkowo płatny po rejestracji.<br>**Program pozamerytoryczny (rozrywkowy) nie zostanie sfinansowany ze środków pochodzących od firm członkowskich <strong>Infarmy</strong>, Izby POLMED oraz Partnerów SOWE</p>



<div style="height:50px" aria-hidden="true" class="wp-block-spacer"></div>



<div class="wp-block-columns is-layout-flex wp-container-core-columns-is-layout-8f761849 wp-block-columns-is-layout-flex">
<div class="wp-block-column is-layout-flow wp-block-column-is-layout-flow">
<figure class="wp-block-image size-large"><img loading="lazy" decoding="async" width="1024" height="682" src="https://zjazdptud2026.pl/wp-content/uploads/2026/08/1475px_kopalnia-soli-wieliczka-imprezy-co-organizujemy8-22-01-2020-1024x682.jpg" alt="" class="wp-image-262" srcset="https://zjazdptud2026.pl/wp-content/uploads/2026/08/1475px_kopalnia-soli-wieliczka-imprezy-co-organizujemy8-22-01-2020-1024x682.jpg 1024w, https://zjazdptud2026.pl/wp-content/uploads/2026/08/1475px_kopalnia-soli-wieliczka-imprezy-co-organizujemy8-22-01-2020-300x200.jpg 300w, https://zjazdptud2026.pl/wp-content/uploads/2026/08/1475px_kopalnia-soli-wieliczka-imprezy-co-organizujemy8-22-01-2020-768x512.jpg 768w, https://zjazdptud2026.pl/wp-content/uploads/2026/08/1475px_kopalnia-soli-wieliczka-imprezy-co-organizujemy8-22-01-2020-18x12.jpg 18w, https://zjazdptud2026.pl/wp-content/uploads/2026/08/1475px_kopalnia-soli-wieliczka-imprezy-co-organizujemy8-22-01-2020-600x400.jpg 600w, https://zjazdptud2026.pl/wp-content/uploads/2026/08/1475px_kopalnia-soli-wieliczka-imprezy-co-organizujemy8-22-01-2020.jpg 1475w" sizes="auto, (max-width: 1024px) 100vw, 1024px" /></figure>
</div>



<div class="wp-block-column is-layout-flow wp-block-column-is-layout-flow">
<p class="wp-block-paragraph"><strong>Kopalnia Soli w Wieliczce</strong></p>
</div>
</div>

<p>Dołącz do nas i spędź niezapomniany wieczór głęboko pod ziemią. W czwartek wieczorem kolacja konferencyjna odbędzie się w zapierającej dech w piersiach, zabytkowej komorze, położonej 130 metrów pod ziemią, w jednej z najstarszych i najwspanialszych kopalni soli w Europie. *Czwartkowa kolacja nie jest wliczona w opłatę konferencyjną. Udział w wydarzeniach towarzyszących jest dodatkowo płatny po [&hellip;]</p>
